?
4
What is the hundred thousands digit of 7958022?
9
What is the units digit of 3391413?
3
What is the hundreds digit of 2746485?
4
What is the hundreds digit of 9893953?
9
What is the units digit of 628817?
7
What is the hundred thousands digit of 23468355?
4
What is the thousands digit of 857039?
7
What is the units digit of 7061777?
7
What is the thousands digit of 3693606?
3
What is the ten thousands digit of 296992?
9
What is the units digit of 150804?
4
What is the units digit of 200407?
7
What is the tens digit of 101216?
1
What is the ten thousands digit of 573649?
7
What is the ten thousands digit of 31124?
3
What is the thousands digit of 890120?
0
What is the hundreds digit of 1232497?
4
What is the thousands digit of 127003?
7
What is the tens digit of 1017601?
0
What is the thousands digit of 263396?
3
What is the units digit of 67880?
0
What is the hundreds digit of 1262033?
0
What is the ten millions digit of 11612327?
1
What is the thousands digit of 7507724?
7
What is the ten thousands digit of 12870?
1
What is the thousands digit of 5520882?
0
What is the hundreds digit of 12420978?
9
What is the hundreds digit of 3002750?
7
What is the tens digit of 67442?
4
What is the ten millions digit of 15600012?
1
What is the tens digit of 958200?
0
What is the hundreds digit of 3362670?
6
What is the thousands digit of 32945587?
5
What is the hundreds digit of 346151?
1
What is the tens digit of 6600132?
3
What is the hundreds digit of 280004?
0
What is the tens digit of 12584657?
5
What is the thousands digit of 696677?
6
What is the tens digit of 59889?
8
What is the hundreds digit of 1949507?
5
What is the hundreds digit of 4522785?
7
What is the ten thousands digit of 497407?
9
What is the hundred thousands digit of 506736?
5
What is the ten thousands digit of 830996?
3
What is the units digit of 572653?
3
What is the thousands digit of 191868?
1
What is the hundreds digit of 8578037?
0
What is the millions digit of 3138706?
3
What is the ten thousands digit of 923439?
2
What is the hundred thousands digit of 241872?
2
What is the hundreds digit of 18225?
2
What is the thousands digit of 30419?
0
What is the tens digit of 204957?
5
What is the thousands digit of 534904?
4
What is the hundreds digit of 72510?
5
What is the thousands digit of 21197120?
7
What is the units digit of 30391?
1
What is the tens digit of 4371330?
3
What is the units digit of 9194963?
3
What is the millions digit of 3681820?
3
What is the hundred thousands digit of 263304?
2
What is the units digit of 10501544?
4
What is the thousands digit of 13592675?
2
What is the units digit of 529330?
0
What is the thousands digit of 970511?
0
What is the thousands digit of 1469187?
9
What is the hundred thousands digit of 5088653?
0
What is the ten thousands digit of 13267772?
6
What is the tens digit of 250008?
0
What is the units digit of 1575349?
9
What is the hundred thousands digit of 251572?
2
What is the thousands digit of 188135?
8
What is the hundred thousands digit of 298395?
2
What is the thousands digit of 758259?
8
What is the hundreds digit of 141755?
7
What is the ten thousands digit of 28017710?
1
What is the thousands digit of 666743?
6
What is the hundreds digit of 58879?
8
What is the ten thousands digit of 63606?
6
What is the hundreds digit of 932077?
0
What is the ten thousands digit of 213216?
1
What is the ten thousands digit of 6319917?
1
What is the hundreds digit of 716965?
9
What is the hundreds digit of 1357505?
5
What is the ten millions digit of 38794480?
3
What is the ten thousands digit of 324344?
2
What is the hundred thousands digit of 3591793?
5
What is the units digit of 23393793?
3
What is the millions digit of 30889378?
0
What is the millions digit of 1400033?
1
What is the millions digit of 5943123?
5
What is the hundreds digit of 797194?
1
What is the thousands digit of 960322?
0
What is the units digit of 246399?
9
What is the thousands digit of 293609?
3
What is the tens digit of 77866?
6
What is the hundred thousands digit of 787795?
7
What is the millions digit of 1214099?
1
What is the ten thousands digit of 23592257?
9
What is the tens digit of 911201?
0
What is the hundred thousands digit of 10167687?
1
What is the units digit of 321468?
8
What is the millions digit of 1363377?
1
What is the units digit of 2121068?
8
What is the hundred thousands digit of 279399?
2
What is the hundred thousands digit of 164421?
1
What is the ten thousands digit of 18234802?
3
What is the tens digit of 261261?
6
What is the thousands digit of 830810?
0
What is the tens digit of 9808594?
9
What is the tens digit of 5389723?
2
What is the millions digit of 4927506?
4
What is the tens digit of 164064?
6
What is the thousands digit of 3074866?
4
What is the thousands digit of 20386068?
6
What is the ten thousands digit of 1982011?
8
What is the ten thousands digit of 9474566?
7
What is the tens digit of 191773?
7
What is the hundred thousands digit of 332764?
3
What is the hundreds digit of 1214218?
2
What is the tens digit of 349533?
3
What is the units digit of 9385085?
5
What is the thousands digit of 1976270?
6
What is the units digit of 750925?
5
What is the thousands digit of 27522?
7
What is the thousands digit of 593360?
3
What is the hundred thousands digit of 6317053?
3
What is the ten thousands digit of 2620650?
2
What is the units digit of 1449823?
3
What is the units digit of 401852?
2
What is the thousands digit of 20104080?
4
What is the hundreds digit of 2895294?
2
What is the tens digit of 382173?
7
What is the hundred thousands digit of 4749014?
7
What is the thousands digit of 385381?
5
What is the thousands digit of 2262663?
2
What is the ten thousands digit of 690484?
9
What is the hundreds digit of 1124211?
2
What is the hundred thousands digit of 452139?
4
What is the ten millions digit of 14978506?
1
What is the millions digit of 1102120?
1
What is the tens digit of 66320?
2
What is the millions digit of 21245197?
1
What is the hundreds digit of 39392?
3
What is the thousands digit of 1240243?
0
What is the tens digit of 490676?
7
What is the ten thousands digit of 313688?
1
What is the units digit of 273817?
7
What is the tens digit of 799261?
6
What is the hundred thousands digit of 442855?
4
What is the tens digit of 4667001?
0
What is the ten thousands digit of 2417637?
1
What is the ten thousands digit of 1062550?
6
What is the ten thousands digit of 5258844?
5
What is the units digit of 185841?
1
What is the thousands digit of 575997?
5
What is the ten millions digit of 31229442?
3
What is the tens digit of 914440?
4
What is the tens digit of 1893312?
1
What is the thousands digit of 29436653?
6
What is the ten thousands digit of 881661?
8
What is the thousands digit of 3164969?
4
What is the hundred thousands digit of 1994318?
9
What is the millions digit of 7112584?
7
What is the units digit of 333855?
5
What is the millions digit of 11568706?
1
What is the millions digit of 3920307?
3
What is the hundreds digit of 117910?
9
What is the thousands digit of 14489587?
9
What is the ten millions digit of 17649756?
1
What is the hundred thousands digit of 1629724?
6
What is the tens digit of 738959?
5
What is the thousands digit of 210059?
0
What is the hundred thousands digit of 679292?
6
What is the units digit of 61964?
4
What is the thousands digit of 538051?
8
What is the tens digit of 6905?
0
What is the hundred thousands digit of 244704?
2
What is the hundred thousands digit of 1052206?
0
What is the tens digit of 33384?
8
What is the units digit of 2058218?
8
What is the tens digit of 263852?
5
What is the ten thousands digit of 5971124?
7
What is the hundred thousands digit of 1678707?
6
What is the hundred thousands digit of 154751?
1
What is the hundreds digit of 17619969?
9
What is the tens digit of 221126?
2
What is the hundreds digit of 104991?
9
What is the hundreds digit of 2246752?
7
What is the units digit of 309660?
0
What is the tens digit of 578742?
4
What is the ten thousands digit of 7861518?
6
What is the thousands digit of 573596?
3
What is the hundreds digit of 1880738?
7
What is the hundred thousands digit of 1315833?
3
What is the ten millions digit of 14233283?
1
What is the tens 